{"id":49,"date":"2026-03-04T08:55:03","date_gmt":"2026-03-04T07:55:03","guid":{"rendered":"https:\/\/site17.monsitecommeunpro.fr\/?page_id=49"},"modified":"2026-03-16T11:43:04","modified_gmt":"2026-03-16T10:43:04","slug":"sacs-a-dos","status":"publish","type":"page","link":"https:\/\/site17.monsitecommeunpro.fr\/?page_id=49","title":{"rendered":"Sacs \u00e0 dos"},"content":{"rendered":"\n<figure class=\"wp-block-gallery has-nested-images columns-default is-cropped wp-block-gallery-1 is-layout-flex wp-block-gallery-is-layout-flex\">\n<figure class=\"wp-block-image size-large\"><img loading=\"lazy\" decoding=\"async\" width=\"1024\" height=\"985\" data-id=\"109\" src=\"https:\/\/site17.monsitecommeunpro.fr\/wp-content\/uploads\/2026\/03\/Image-16-03-2026-a-11.30-1-1024x985.jpeg\" alt=\"\" class=\"wp-image-109\" srcset=\"https:\/\/site17.monsitecommeunpro.fr\/wp-content\/uploads\/2026\/03\/Image-16-03-2026-a-11.30-1-1024x985.jpeg 1024w, https:\/\/site17.monsitecommeunpro.fr\/wp-content\/uploads\/2026\/03\/Image-16-03-2026-a-11.30-1-300x289.jpeg 300w, https:\/\/site17.monsitecommeunpro.fr\/wp-content\/uploads\/2026\/03\/Image-16-03-2026-a-11.30-1-768x739.jpeg 768w, https:\/\/site17.monsitecommeunpro.fr\/wp-content\/uploads\/2026\/03\/Image-16-03-2026-a-11.30-1.jpeg 1164w\" sizes=\"auto, (max-width: 1024px) 100vw, 1024px\" \/><\/figure>\n\n\n\n<figure class=\"wp-block-image size-large\"><img loading=\"lazy\" decoding=\"async\" width=\"174\" height=\"92\" data-id=\"110\" src=\"https:\/\/site17.monsitecommeunpro.fr\/wp-content\/uploads\/2026\/03\/Image-16-03-2026-a-11.34.jpeg\" alt=\"\" class=\"wp-image-110\"\/><figcaption class=\"wp-element-caption\"><br><br><br><br><br><br><br><br><br>Imagin\u00e9 par Nicolas Ghesqui\u00e8re, ce sac \u00e0 dos Montsouris MM en toile Monogram est une ode \u00e0 l&rsquo;aventure et au voyage. Inspir\u00e9 du sac \u00e9ponyme de Louis Vuitton cr\u00e9\u00e9 en 1994, ce mod\u00e8le pr\u00e9sente une poche avec fermeture \u00e0 glissi\u00e8re, ainsi qu&rsquo;une fermeture avec cordon et aimant. La garniture en cuir de vache naturel s&rsquo;accorde \u00e0 merveille au motif embl\u00e9matique.<br><br><br><br><br><br><br><br><br><\/figcaption><\/figure>\n<\/figure>\n\n\n\n<p><\/p>\n","protected":false},"excerpt":{"rendered":"","protected":false},"author":1,"featured_media":0,"parent":0,"menu_order":0,"comment_status":"closed","ping_status":"closed","template":"","meta":{"site-sidebar-layout":"default","site-content-layout":"","ast-site-content-layout":"default","site-content-style":"default","site-sidebar-style":"default","ast-global-header-display":"","ast-banner-title-visibility":"","ast-main-header-display":"","ast-hfb-above-header-display":"","ast-hfb-below-header-display":"","ast-hfb-mobile-header-display":"","site-post-title":"","ast-breadcrumbs-content":"","ast-featured-img":"","footer-sml-layout":"","theme-transparent-header-meta":"","adv-header-id-meta":"","stick-header-meta":"","header-above-stick-meta":"","header-main-stick-meta":"","header-below-stick-meta":"","astra-migrate-meta-layouts":"default","ast-page-background-enabled":"default","ast-page-background-meta":{"desktop":{"background-color":"var(--ast-global-color-5)","background-image":"","background-repeat":"repeat","background-position":"center center","background-size":"auto","background-attachment":"scroll","background-type":"","background-media":"","overlay-type":"","overlay-color":"","overlay-opacity":"","overlay-gradient":""},"tablet":{"background-color":"","background-image":"","background-repeat":"repeat","background-position":"center center","background-size":"auto","background-attachment":"scroll","background-type":"","background-media":"","overlay-type":"","overlay-color":"","overlay-opacity":"","overlay-gradient":""},"mobile":{"background-color":"","background-image":"","background-repeat":"repeat","background-position":"center center","background-size":"auto","background-attachment":"scroll","background-type":"","background-media":"","overlay-type":"","overlay-color":"","overlay-opacity":"","overlay-gradient":""}},"ast-content-background-meta":{"desktop":{"background-color":"var(--ast-global-color-4)","background-image":"","background-repeat":"repeat","background-position":"center center","background-size":"auto","background-attachment":"scroll","background-type":"","background-media":"","overlay-type":"","overlay-color":"","overlay-opacity":"","overlay-gradient":""},"tablet":{"background-color":"var(--ast-global-color-4)","background-image":"","background-repeat":"repeat","background-position":"center center","background-size":"auto","background-attachment":"scroll","background-type":"","background-media":"","overlay-type":"","overlay-color":"","overlay-opacity":"","overlay-gradient":""},"mobile":{"background-color":"var(--ast-global-color-4)","background-image":"","background-repeat":"repeat","background-position":"center center","background-size":"auto","background-attachment":"scroll","background-type":"","background-media":"","overlay-type":"","overlay-color":"","overlay-opacity":"","overlay-gradient":""}},"footnotes":""},"class_list":["post-49","page","type-page","status-publish","hentry"],"yoast_head":"<!-- This site is optimized with the Yoast SEO plugin v27.4 - https:\/\/yoast.com\/product\/yoast-seo-wordpress\/ -->\n<title>Sacs \u00e0 dos -<\/title>\n<meta name=\"robots\" content=\"index, follow, max-snippet:-1, max-image-preview:large, max-video-preview:-1\" \/>\n<link rel=\"canonical\" href=\"https:\/\/site17.monsitecommeunpro.fr\/?page_id=49\" \/>\n<meta property=\"og:locale\" content=\"fr_FR\" \/>\n<meta property=\"og:type\" content=\"article\" \/>\n<meta property=\"og:title\" content=\"Sacs \u00e0 dos -\" \/>\n<meta property=\"og:url\" content=\"https:\/\/site17.monsitecommeunpro.fr\/?page_id=49\" \/>\n<meta property=\"article:modified_time\" content=\"2026-03-16T10:43:04+00:00\" \/>\n<meta property=\"og:image\" content=\"https:\/\/site17.monsitecommeunpro.fr\/wp-content\/uploads\/2026\/03\/Image-16-03-2026-a-11.30-1.jpeg\" \/>\n\t<meta property=\"og:image:width\" content=\"1164\" \/>\n\t<meta property=\"og:image:height\" content=\"1120\" \/>\n\t<meta property=\"og:image:type\" content=\"image\/jpeg\" \/>\n<meta name=\"twitter:card\" content=\"summary_large_image\" \/>\n<script type=\"application\/ld+json\" class=\"yoast-schema-graph\">{\"@context\":\"https:\\\/\\\/schema.org\",\"@graph\":[{\"@type\":\"WebPage\",\"@id\":\"https:\\\/\\\/site17.monsitecommeunpro.fr\\\/?page_id=49\",\"url\":\"https:\\\/\\\/site17.monsitecommeunpro.fr\\\/?page_id=49\",\"name\":\"Sacs \u00e0 dos -\",\"isPartOf\":{\"@id\":\"https:\\\/\\\/site17.monsitecommeunpro.fr\\\/#website\"},\"primaryImageOfPage\":{\"@id\":\"https:\\\/\\\/site17.monsitecommeunpro.fr\\\/?page_id=49#primaryimage\"},\"image\":{\"@id\":\"https:\\\/\\\/site17.monsitecommeunpro.fr\\\/?page_id=49#primaryimage\"},\"thumbnailUrl\":\"https:\\\/\\\/site17.monsitecommeunpro.fr\\\/wp-content\\\/uploads\\\/2026\\\/03\\\/Image-16-03-2026-a-11.30-1-1024x985.jpeg\",\"datePublished\":\"2026-03-04T07:55:03+00:00\",\"dateModified\":\"2026-03-16T10:43:04+00:00\",\"breadcrumb\":{\"@id\":\"https:\\\/\\\/site17.monsitecommeunpro.fr\\\/?page_id=49#breadcrumb\"},\"inLanguage\":\"fr-FR\",\"potentialAction\":[{\"@type\":\"ReadAction\",\"target\":[\"https:\\\/\\\/site17.monsitecommeunpro.fr\\\/?page_id=49\"]}]},{\"@type\":\"ImageObject\",\"inLanguage\":\"fr-FR\",\"@id\":\"https:\\\/\\\/site17.monsitecommeunpro.fr\\\/?page_id=49#primaryimage\",\"url\":\"https:\\\/\\\/site17.monsitecommeunpro.fr\\\/wp-content\\\/uploads\\\/2026\\\/03\\\/Image-16-03-2026-a-11.30-1.jpeg\",\"contentUrl\":\"https:\\\/\\\/site17.monsitecommeunpro.fr\\\/wp-content\\\/uploads\\\/2026\\\/03\\\/Image-16-03-2026-a-11.30-1.jpeg\",\"width\":1164,\"height\":1120},{\"@type\":\"BreadcrumbList\",\"@id\":\"https:\\\/\\\/site17.monsitecommeunpro.fr\\\/?page_id=49#breadcrumb\",\"itemListElement\":[{\"@type\":\"ListItem\",\"position\":1,\"name\":\"Accueil\",\"item\":\"https:\\\/\\\/site17.monsitecommeunpro.fr\\\/\"},{\"@type\":\"ListItem\",\"position\":2,\"name\":\"Sacs \u00e0 dos\"}]},{\"@type\":\"WebSite\",\"@id\":\"https:\\\/\\\/site17.monsitecommeunpro.fr\\\/#website\",\"url\":\"https:\\\/\\\/site17.monsitecommeunpro.fr\\\/\",\"name\":\"\",\"description\":\"L&#039;\u00c9L\u00c9GANCE EN H\u00c9RITAGE\",\"potentialAction\":[{\"@type\":\"SearchAction\",\"target\":{\"@type\":\"EntryPoint\",\"urlTemplate\":\"https:\\\/\\\/site17.monsitecommeunpro.fr\\\/?s={search_term_string}\"},\"query-input\":{\"@type\":\"PropertyValueSpecification\",\"valueRequired\":true,\"valueName\":\"search_term_string\"}}],\"inLanguage\":\"fr-FR\"}]}<\/script>\n<!-- \/ Yoast SEO plugin. -->","yoast_head_json":{"title":"Sacs \u00e0 dos -","robots":{"index":"index","follow":"follow","max-snippet":"max-snippet:-1","max-image-preview":"max-image-preview:large","max-video-preview":"max-video-preview:-1"},"canonical":"https:\/\/site17.monsitecommeunpro.fr\/?page_id=49","og_locale":"fr_FR","og_type":"article","og_title":"Sacs \u00e0 dos -","og_url":"https:\/\/site17.monsitecommeunpro.fr\/?page_id=49","article_modified_time":"2026-03-16T10:43:04+00:00","og_image":[{"width":1164,"height":1120,"url":"https:\/\/site17.monsitecommeunpro.fr\/wp-content\/uploads\/2026\/03\/Image-16-03-2026-a-11.30-1.jpeg","type":"image\/jpeg"}],"twitter_card":"summary_large_image","schema":{"@context":"https:\/\/schema.org","@graph":[{"@type":"WebPage","@id":"https:\/\/site17.monsitecommeunpro.fr\/?page_id=49","url":"https:\/\/site17.monsitecommeunpro.fr\/?page_id=49","name":"Sacs \u00e0 dos -","isPartOf":{"@id":"https:\/\/site17.monsitecommeunpro.fr\/#website"},"primaryImageOfPage":{"@id":"https:\/\/site17.monsitecommeunpro.fr\/?page_id=49#primaryimage"},"image":{"@id":"https:\/\/site17.monsitecommeunpro.fr\/?page_id=49#primaryimage"},"thumbnailUrl":"https:\/\/site17.monsitecommeunpro.fr\/wp-content\/uploads\/2026\/03\/Image-16-03-2026-a-11.30-1-1024x985.jpeg","datePublished":"2026-03-04T07:55:03+00:00","dateModified":"2026-03-16T10:43:04+00:00","breadcrumb":{"@id":"https:\/\/site17.monsitecommeunpro.fr\/?page_id=49#breadcrumb"},"inLanguage":"fr-FR","potentialAction":[{"@type":"ReadAction","target":["https:\/\/site17.monsitecommeunpro.fr\/?page_id=49"]}]},{"@type":"ImageObject","inLanguage":"fr-FR","@id":"https:\/\/site17.monsitecommeunpro.fr\/?page_id=49#primaryimage","url":"https:\/\/site17.monsitecommeunpro.fr\/wp-content\/uploads\/2026\/03\/Image-16-03-2026-a-11.30-1.jpeg","contentUrl":"https:\/\/site17.monsitecommeunpro.fr\/wp-content\/uploads\/2026\/03\/Image-16-03-2026-a-11.30-1.jpeg","width":1164,"height":1120},{"@type":"BreadcrumbList","@id":"https:\/\/site17.monsitecommeunpro.fr\/?page_id=49#breadcrumb","itemListElement":[{"@type":"ListItem","position":1,"name":"Accueil","item":"https:\/\/site17.monsitecommeunpro.fr\/"},{"@type":"ListItem","position":2,"name":"Sacs \u00e0 dos"}]},{"@type":"WebSite","@id":"https:\/\/site17.monsitecommeunpro.fr\/#website","url":"https:\/\/site17.monsitecommeunpro.fr\/","name":"","description":"L&#039;\u00c9L\u00c9GANCE EN H\u00c9RITAGE","potentialAction":[{"@type":"SearchAction","target":{"@type":"EntryPoint","urlTemplate":"https:\/\/site17.monsitecommeunpro.fr\/?s={search_term_string}"},"query-input":{"@type":"PropertyValueSpecification","valueRequired":true,"valueName":"search_term_string"}}],"inLanguage":"fr-FR"}]}},"_links":{"self":[{"href":"https:\/\/site17.monsitecommeunpro.fr\/index.php?rest_route=\/wp\/v2\/pages\/49","targetHints":{"allow":["GET"]}}],"collection":[{"href":"https:\/\/site17.monsitecommeunpro.fr\/index.php?rest_route=\/wp\/v2\/pages"}],"about":[{"href":"https:\/\/site17.monsitecommeunpro.fr\/index.php?rest_route=\/wp\/v2\/types\/page"}],"author":[{"embeddable":true,"href":"https:\/\/site17.monsitecommeunpro.fr\/index.php?rest_route=\/wp\/v2\/users\/1"}],"replies":[{"embeddable":true,"href":"https:\/\/site17.monsitecommeunpro.fr\/index.php?rest_route=%2Fwp%2Fv2%2Fcomments&post=49"}],"version-history":[{"count":4,"href":"https:\/\/site17.monsitecommeunpro.fr\/index.php?rest_route=\/wp\/v2\/pages\/49\/revisions"}],"predecessor-version":[{"id":112,"href":"https:\/\/site17.monsitecommeunpro.fr\/index.php?rest_route=\/wp\/v2\/pages\/49\/revisions\/112"}],"wp:attachment":[{"href":"https:\/\/site17.monsitecommeunpro.fr\/index.php?rest_route=%2Fwp%2Fv2%2Fmedia&parent=49"}],"curies":[{"name":"wp","href":"https:\/\/api.w.org\/{rel}","templated":true}]}}